. Suppose -5*m + m = 2*b - 16, -5*m - b + 20 = i. Give o(m).
17
Let w(v) = v**2 + 2*v - 19. Let d be 2*(402/536)/((-26)/20 + 1). Determine w(d).
-4
Let o(y) be the third derivative of y**5/60 + 4*y**4/3 + 8*y**3 - 110*y**2 + 2*y + 13. Calculate o(-30).
-12
Let t(q) = 11*q**3 + 39*q**2 + 90*q + 189. Let v(a) = 8*a**3 + 40*a**2 + 89*a + 188. Let x(j) = -3*t(j) + 4*v(j). Determine x(45).
5
Let x(q) be the first derivative of 7*q**2 - 50*q - 136. Let o(r) = -6*r + 24. Let f(z) = 5*o(z) + 2*x(z). Determine f(16).
-12
Let o(b) be the first derivative of -b**5/60 + 3*b**4/8 + b**3/2 - 40*b**2 + 65. Let h(j) be the second derivative of o(j). Determine h(9).
3
Let b(a) = a - 15. Let z(n) = -n + 15. Let y(l) = 6*b(l) + 5*z(l). Suppose 99 + 39 = 20*o - 82. Determine y(o).
-4
Let m(x) = -2*x - 367. Let u(v) = 220. Let p(q) = 3*m(q) + 5*u(q). Calculate p(-5).
29
Let n be 1 + (3 - -2) + -4. Let f be (-2 + -7 + n)*-1 - 1. Let w(p) = p**2 - 8*p + 9. Calculate w(f).
-3
Let x(y) = 5*y**3 - 7*y**2 - 5. Let h(n) = -3*n**3 + 3*n**2 + 2. Let j(u) = 7*h(u) + 3*x(u). Let g be -7 + 25 + -9 - 10. Determine j(g).
5
Let u(a) be the third derivative of -a**5/12 + 13*a**4/24 + 5*a**3/6 + 1806*a**2 + 2. Give u(3).
-1
Let n(b) = b**3 + 7*b**2 + 11*b + 25. Let w(y) = -2*y**2 - 248*y + 756. Let v be w(3). Determine n(v).
-5
Suppose 5*j - 9 = -3*x, -j + 4*x + 23 = 4*j. Let q(u) = 0*u - u + j*u - 3*u - 2*u**2. Let a = 1641 - 1640. Give q(a).
-3
Let d(n) be the third derivative of 6*n**2 + 0 + 0*n + 1/24*n**4 - 1/60*n**5 + 1/6*n**3. Let j = -56 - -58. Determine d(j).
-1
Suppose 5*z + 5*c + 108 - 403 = 0, -25 = -5*c. Let v(t) = -24*t - 14*t - 22*t + z*t. Let r be 2 + -3 - (1 - 3). What is v(r)?
-6
Suppose 7 + 3 = 5*b. Let r(i) be the second derivative of i**7/1260 - i**6/360 + i**4/4 + 16*i. Let n(u) be the third derivative of r(u). Calculate n(b).
4
Let t(j) = 27*j**3 + 17*j**2 + 1. Let y(x) = 38*x**3 + 18*x**2 + 1. Let v(h) = -3*t(h) + 2*y(h). Give v(-3).
-1
Let k(i) = i**2 + 7*i - 5. Let v be (-40)/(-16)*4/10 - -35. Suppose 0 = -2*t + 22 - v. Calculate k(t).
-5
Let n(m) = 199*m + 1. Let j(u) = 174*u + 2. Let v(g) = 8*j(g) - 7*n(g). Determine v(26).
-17
Let q(g) = -g**3 - 18*g**2 - 8*g + 148. Let i be q(-17). Let h(s) = s**2 - 5*s - 52. Determine h(i).
-2
Let i = 44711 + -44715. Let w(z) be the second derivative of -z**5/20 - z**4/4 + z**3/3 - 5*z**2/2 + z. Calculate w(i).
3
Let p(f) be the third derivative of f**6/120 + f**5/10 - 5*f**4/12 - 5*f**3/6 + 3*f**2 - 10. Suppose -20 + 3 = 3*i - x, 5*x = 4*i + 8. What is p(i)?
16
Let j(r) = -6*r + 268 - 275 - r. Let h(c) = 15*c + 13. Let g(m) = 4*h(m) + 9*j(m). Give g(-4).
1
Let c(z) be the third derivative of -z**6/24 - z**5/30 + 7*z**4/24 - z**3 + 2*z**2 - 972*z. What is c(1)?
-6
Let k = 12 - 7. Let t(f) = -f**3 + 5*f**2 - f - 8. Let q be t(2). Let a(d) = 0*d**2 + 6*d**q - 5*d - 48*d**3 - 1 - 2 + 47*d**3. Calculate a(k).
-3
Let l(f) = -4*f**2 - 5*f + 9 + 60 + 3*f**2 - 66. Let t = -6 + 8. Let q(g) = -5*g**2 - 24*g + 16. Let y(w) = t*q(w) - 11*l(w). Determine y(-3).
-13
Suppose 0 = c - 5*z + 11, -2*c + 0*z = 2*z + 10. Let w(n) be the first derivative of -3*n**2 + 9 + 6*n - 1/4*n**4 - 7/3*n**3. Determine w(c).
6
Let t = 9483 - 9472. Let l(x) = x**3 - 11*x**2 + 6*x - 64. Determine l(t).
2
Let m = -642 + 283. Let p = 355 + m. Let l(q) = 6*q + 1 - 4*q**2 - q + 5*q**2. Determine l(p).
-3
Let z(t) = -t**3 + 3*t**2 - 2*t + 51. Let i be z(0). Suppose i*g = -239 - 67. Let w(m) be the third derivative of m**4/24 + 3*m**3/2 + m**2. What is w(g)?
3
Let n(t) = 14*t**2 + 12*t + 64. Let p(v) = -4*v**2 - 4*v - 21. Let l(h) = 3*n(h) + 10*p(h). Give l(6).
30
Let m(a) be the first derivative of -a**3/3 + 7*a**2/2 - 11*a - 1. Suppose 660*p = 1505*p - 4225. Give m(p).
-1
Suppose 5*k - 24 = p, 10*k - 5*k - 22 = 3*p. Let o(h) = -1. Let i(u) = u. Let w(b) = i(b) + o(b). What is w(k)?
4
Let n be (-2)/4*-2 - 0. Let r(v) be the second derivative of v**3/6 - v**2/2 - 56843*v. Calculate r(n).
0
Let m(h) = h**2 - 24*h - 20. Suppose -219*r + 218*r = -3*d + 77, d - 23 = -r. Give m(d).
5
Let u(f) = -3*f**3 - f. Let z be u(-1). Let h(a) be the first derivative of a**2 + a + 35126. Give h(z).
9
Let c be 3*((-4032)/54)/32. Let b(z) = -z**3 - 7*z**2 - 2*z + 1. Calculate b(c).
15
Let y(i) be the second derivative of 3*i**5/20 - i**4 + 19*i**3/6 - i**2 - 102*i. Let z(v) = v**3 - 4*v**2 + 6*v - 1. Let o(k) = -2*y(k) + 7*z(k). What is o(4)?
13
Let j(f) = -f - 3. Let h(i) = -i**2 - 18*i + 112. Let y be h(-23). Let d(b) = -3*b + 2 + 3*b + b. Let g(u) = y*j(u) - 4*d(u). Give g(4).
-3
Let j = -47 + -39. Let a = -75 - j. Let w(b) be the first derivative of -b**2 + 16*b + 28. Determine w(a).
-6
Let h(w) = -4*w**2 - 4*w - 31. Let t(x) = -2*x**2 - 3*x - 15. Let j(z) = -2*h(z) + 5*t(z). What is j(-3)?
-10
Let w(g) be the first derivative of -g**5/20 + 3*g**4/4 - 4*g**2 - 31*g - 127. Let c(d) be the first derivative of w(d). What is c(9)?
-8
Let v(p) be the third derivative of -p**9/60480 - p**8/2240 + p**6/360 + 77*p**5/30 - 116*p**2 - 2. Let g(c) be the third derivative of v(c). Determine g(-9).
2
Let p(q) = -2*q + 41. Let y(b) = -6. Let n(k) = p(k) + 6*y(k). Let h = -14 + 19. Determine n(h).
-5
Let w(o) = 2*o**3 + 6*o**2 - 12*o - 20. Let m = -8141 + 8137. What is w(m)?
-4
Let t(f) = 18*f - 13. Let m(b) = -52*b + 47. Let n(x) = 3*m(x) + 10*t(x). Give n(4).
107
Let j(k) be the third derivative of k**5/60 + 7*k**4/8 + 13*k**3/6 - k**2 + 1393. Calculate j(-21).
13
Let j(h) = -h**2 - 8*h - 8. Let k(x) = 11*x**2 - 8*x + 30. Let v(p) = 5*p**2 - 4*p + 14. Let o(r) = 6*k(r) - 13*v(r). Let n be o(-2). Give j(n).
4
Let b(m) be the third derivative of 1/120*m**6 + 13/24*m**4 + 62 - 2*m**2 - 11/6*m**3 + 0*m - 1/6*m**5. What is b(9)?
25
Let v(k) = -2*k**3 + 2*k + 9*k + 5*k - 17*k + 4*k + k**2 - 3. Let w(o) = -13*o - 2. Let b be w(2). Let s be 2/7 - 48/b. Give v(s).
-9
Let j(x) be the second derivative of -15*x + 5/2*x**2 + 1/2*x**4 + 0 + 1/20*x**5 + x**3. Give j(-4).
13
Let t(d) = 4*d - 3. Let f(y) = -y. Let l(x) = -4*f(x) + t(x). Let o = -33 - -54. Let h = o - 19. Give l(h).
13
Let x(h) = 14*h**2 - 16*h. Let g(w) = 56*w**2 - 59*w. Let z(t) = -3*g(t) + 11*x(t). Let j = -2 + 3. What is z(j)?
-13
Let k(o) = 7*o**3 - 14*o**2 - 17*o - 9. Let s(v) = 6*v**3 - 13*v**2 - 14*v - 8. Let b(g) = -5*k(g) + 6*s(g). What is b(8)?
5
Let p(x) be the third derivative of -x**6/60 + x**5/4 - x**4/2 + 13*x**3/3 + 2624*x**2 - 1. Calculate p(7).
-9
Let l(s) be the third derivative of -s**6/120 + s**5/12 - s**4/6 + 3*s**3/2 + 4937*s**2. Calculate l(5).
-11
Let g(i) = i**2 - 8*i - 1432. Let a be g(-34). Let h(s) = 3*s - 7. Determine h(a).
-19
Let g(y) = 12*y + 88. Let b = 2403 + -2412. What is g(b)?
-20
Let g(n) be the second derivative of 20*n**3/3 + 140*n**2 - 1945*n + 1. Determine g(-7).
0
Suppose 4*j = 5*y + 30, 3*y + 1 = 4*j - 5*j. Let r(d) = -d**3 - 2*d**2 - 17*d - 31. Determine r(y).
3
Let u(p) = -2*p - 2. Let i(a) = -a**2 + 4*a + 1586. Let j be i(-38). What is u(j)?
18
Let m be 4/(-4)*27/6*68. Let r be ((-5)/(-3) - 2)/(17/m). Let j(h) = 4*h - 24. Give j(r).
0
Let n(k) = 80*k**2 + 79*k**2 + 42*k**2 - 14*k + 78*k**2 - 41 - 281*k**2. Give n(-3).
-17
Let s(n) = 397*n + 5. Let y(p) = 635*p + 8. Let a(z) = -8*s(z) + 5*y(z). Let l be 12*(-1)/2*-1. Determine a(l).
-6
Let v be 2/2*(3 + 1). Suppose -v*d + 4 = -8*d. Let r(l) = 4*l**3 - l. Give r(d).
-3
Let s(i) = 0*i - 8*i + 2*i**3 + 1 + 610*i**2 - 607*i**2 + 4*i + 5*i. Give s(-2).
-5
Let b(y) be the third derivative of y**4/24 - 11*y**3/6 + y**2. Suppose -3*o = 2*f - 20, -2*f - 5*o + 4 = -10*o. Let z be (-45)/(-84)*f*4/3. What is b(z)?
-6
Suppose -88 = 1210*d - 1232*d. Let v(k) = 2*k**3 - 8*k**2 + 3*k - 13. Give v(d).
-1
Let k be 3/18 - (-17)/6. Let a be 8/(-12)*k*-2. Let w be -1 + -1 + -11 + a. Let f(o) = o + 10. Calculate f(w).
1
Suppose -4*r = 12, 0 = -4*h - 2*r - 6 + 28. Suppose -3*i = -3*q + 6, -6*i - 2 = -q - h*i. Let u(n) = n**3 - n**2 + n + 2. Determine u(q).
8
Let a(j) be the second derivative of -j**3/6 - 827*j. Suppose 4*n + w = 67, w = 3 - 8. Let p = n + -17. Give a(p).
-1
Let k(p) = -8 + 8*p**2 + 2*p + 0*p**2 + 0*p - p**3. Suppose m - 11*a = -15*a + 193, -5*a + 544 = 3*m. Suppose 8*y = 237 - m. What is k(y)?
8
Let i(s) = s**2 + s. Let x(j) = -j**3 - 7*j*